 = 0. Let b = f - 72. What is the units digit of b?
7
Let q be (-10)/(-45) - (-1516)/(-18). Let h = 59 + q. Let g = h + 56. What is the units digit of g?
1
Let g = -36 - -41. Suppose g*d - 2 - 18 = 0, -676 = -4*u - 2*d. What is the units digit of u?
7
Suppose -5*p + 362 = 2*r, 3*r = r + 3*p + 330. Let u = 331 - r. What is the hundreds digit of u?
1
Suppose 2*k + k - 5*b = 20, -b - 4 = 0. Suppose 13 - 17 = -2*j. Suppose 0 = 4*r + j*l - k*l - 78, r - l = 15. What is the tens digit of r?
1
Let x be (-22*5/(-10))/1. Suppose -x*a = -4050 + 750. What is the units digit of a?
0
Let u = 6 - -20. Let g = 29 - 24. Suppose b - u = -g. What is the tens digit of b?
2
Suppose 0*n + 28 = 4*n + 5*w, -3*w = -5*n + 72. Suppose -o = -5*o + n. What is the units digit of o?
3
Let l be 1*(-37 + 1 - 1). Let w = 43 - l. What is the tens digit of w?
8
Suppose -2*t + 5*b = -2831, 2*b - 377 - 1025 = -t. What is the hundreds digit of t?
4
Let y(i) be the first derivative of -9*i**2/2 + 2*i + 5. What is the units digit of y(-3)?
9
Let j(d) = d**3 + 20*d**2 + 33*d - 15. Let y be j(-18). Let n = 153 - y. What is the hundreds digit of n?
1
Suppose -2*w = 5*a + 26, 7 = -2*w + 3*a - 51. Let d = 17 + w. What is the tens digit of (-699)/(-15) - d/15?
4
Let d = 15 + -10. Suppose 3*i - 74 = r, -2*i - d*r - 4 + 42 = 0. What is the units digit of i?
4
Suppose 41 = 4*w + 2*n - 7*n, 0 = -2*w + 4*n + 28. What is the units digit of (2/w)/(1/122)?
1
Suppose 4*f - 8*f = -60. Let t be 2/(-10) - (-33)/f. What is the units digit of (2/t)/((-1)/(-31))?
1
Suppose 5*f - 18 = -2*w, 0 = 5*w - 0*f - f - 18. Suppose 5*v = 3*v - w. What is the units digit of 94/12 - v/12?
8
What is the units digit of 54/540 - 11989/(-10)?
9
Let d = 2433 + -539. What is the units digit of d?
4
Let l(i) be the second derivative of i**5/20 - 3*i**4/4 - i**3/3 + 11*i**2 - 7*i. What is the units digit of l(9)?
4
Let j = -467 + 1217. What is the tens digit of j?
5
Let s(g) = 1. Let n(m) be the first derivative of -2*m**3/3 - 11*m**2/2 + 19*m + 3. Let p(d) = -n(d) + 4*s(d). What is the units digit of p(-10)?
5
Suppose -5*g = 2*c + 3*c - 10, 3*g - 3*c = 18. Suppose 0 = g*v - 76 - 192. What is the tens digit of v?
6
Suppose -6*j = -168 + 996. Let n = j + 210. What is the tens digit of n?
7
Let d = -81 - -85. What is the tens digit of (-6)/d + 1 - (-1100)/8?
3
Let r = 59 + -57. What is the units digit of r?
2
Let i(k) = -k**2 + 19*k + 9. Let f(d) = -3*d + 1. Let q(c) = 7*c - 2. Let p(j) = -5*f(j) - 2*q(j). Let a be p(18). What is the units digit of i(a)?
3
Let m be ((-2)/2)/((-3)/(-57)). Let s = -10 - m. Let q(l) = -l**3 + 10*l**2 - 4*l + 8. What is the tens digit of q(s)?
5
Let p(x) = 2*x - 4. Suppose 4 = -5*j + 2*a, 2*j + j + 10 = 5*a. Let c be (1 - j)/((-5)/(-55)). What is the units digit of p(c)?
8
What is the hundreds digit of 108/144 + (-6050)/(-8)?
7
Suppose -199 = -3*k - 2*r, 4*k + r - 293 + 36 = 0. Suppose -k = -b - 11. What is the units digit of b?
2
Let p be (1 - (-296 + 0)*-2)*-1. Let m = p - 330. What is the hundreds digit of m?
2
Suppose 3*w - 2*a = 57, 0 = -4*a + 3*a. Suppose w - 47 = -2*h. What is the tens digit of h?
1
What is the units digit of 27270/81 + 2*(-2)/(-12)?
7
Suppose 129 + 173 = 2*w - 5*s, -2*w + 3*s + 298 = 0. What is the hundreds digit of w?
1
Suppose -5*d - 4*g + 16248 = 0, -5*g = 5*d + 547 - 16797. What is the hundreds digit of d?
2
What is the hundreds digit of -11 + 31312/36 - 2/(-9)?
8
Suppose -4*a - 30 = a. Let q(d) = 13*d + 13. Let z(f) = -68*f - 65. Let m(o) = -11*q(o) - 2*z(o). What is the units digit of m(a)?
9
Let z(w) be the second derivative of w**6/72 + w**5/120 + w**3/3 + 5*w. Let p(r) be the second derivative of z(r). What is the units digit of p(-1)?
4
What is the hundreds digit of 2094/(81/(-18) - -6)?
3
Let i be (-1108)/20 + (2 - 16/10). Let p = 95 + i. What is the tens digit of p?
4
Suppose 0 = 5*k - 9*k - 16. Let r be 1 - (-1 + k + -92). Suppose 2*b = -30 + r. What is the units digit of b?
4
Let n(i) = i**3 - 5*i**2 + 3*i - 4. Let o be n(7). Let d = o - -65. What is the units digit of (d/(-50))/((-2)/10)?
8
Suppose 5*r + 5 - 35 = 0. Suppose -r = -2*d + 2. Suppose 123 = 7*f - d*f. What is the units digit of f?
1
What is the units digit of (-32)/12*(-84)/(-8)*-8?
4
Suppose -10 = -22*t + 3554. What is the hundreds digit of t?
1
Let o(v) = 3*v**2 - 9*v + 104. What is the units digit of o(-39)?
8
Let q(j) = -108*j + 2. Let b be q(-1). Suppose -4*i = i - 30. Suppose 70 = i*p - b. What is the units digit of p?
0
Let y(q) = -5*q + 3 + 21*q**2 - 56*q**2 + 2*q**3 + 14*q**2 + 20*q**2. What is the units digit of y(3)?
3
Suppose -533 - 9019 = -12*v. What is the units digit of v?
6
Suppose -2*b = 436 - 68. Let t = b + 322. What is the hundreds digit of t?
1
Let a = 599 - -2170. What is the thousands digit of a?
2
Let g(p) = 7*p**2 - 44*p + 14. What is the tens digit of g(12)?
9
Let z(g) = 6*g**2 - 34*g - 286. What is the units digit of z(-20)?
4
Suppose 0 = -3*n - v + 5900, 2*n - 9826 = -3*n + 2*v. What is the tens digit of n?
6
Let l(k) = -62*k - 1149. What is the tens digit of l(-27)?
2
Let s(r) = 43*r**2 + 3*r - 27. What is the units digit of s(-4)?
9
Let t(y) = y**2 - 4*y - 6. Let u be t(5). Let i(k) = -154*k**3 - k**2 - k - 1. What is the units digit of i(u)?
3
Let m = 146 + 455. What is the tens digit of m?
0
Let l(s) = 3*s**2 + 5*s. Let u(h) = h**3 + 6*h**2 - h - 6. Let y be u(-6). Suppose y = -5*m - p - 0*p - 20, -p = 4*m + 17. What is the tens digit of l(m)?
1
Let x(v) = v**2 - v - 1. Let w be x(0). Let c be ((-42)/12)/(w/2). Suppose 0 = -2*a - q + 70, c*a - 2*a = -q + 172. What is the units digit of a?
4
Let d be 10/8 - 710/(-40). Suppose -d*r = -15*r - 576. What is the hundreds digit of r?
1
Suppose -4 = 5*f - 24. Suppose -m + 1 = f. Let y = m - -46. What is the units digit of y?
3
Let w(c) = 15*c**2 + 2*c + 1. Suppose -3*f = -x + 4, 8*f = 3*f - 5*x. Let n be w(f). Let o = n + -13. What is the units digit of o?
1
Let a(t) = -t**3 + 15*t**2 - 19*t + 11. Let u be a(14). Let d = u - -90. Suppose -6*z + z = -2*y + 19, -z = -2*y + d. What is the units digit of y?
7
Suppose -4 = -3*o + 2. What is the tens digit of 66/o - (12/3 + -4)?
3
Suppose -109 = -4*w + 5*b + 196, 5*w + b = 403. What is the tens digit of 1/(3 - 4) + w?
7
Suppose -4*k - 7 = -23. What is the units digit of (k + (-90)/12)/((-1)/30)?
5
Let m(g) = 53*g + 8. Let b be (0 + 4 - 3) + (0 - -1). What is the hundreds digit of m(b)?
1
Let i be 7 + -3 + 0 - (-1 - -1). Suppose -4*x + 266 = i*b - b, 313 = 4*b - 3*x. What is the tens digit of b?
8
Let j = 14 + -12. Let u(s) = s**3 + 3*s**2 + 5*s + 7*s**j - 6*s**2 + 3*s**2. What is the tens digit of u(-4)?
2
Suppose -16*k = -22*k + 2394. What is the tens digit of k?
9
Suppose 29*w - 5412 = 7*w. What is the units digit of w?
6
Let c(x) = 1059*x**2 + 13 - 530*x**2 + 12*x - 527*x**2. What is the units digit of c(-5)?
3
Let m(x) = x**2 + 3*x + 1. Let t = -3 - 1. Let l be m(t). Suppose 2*k + 3*h - 5 = 0, 0*k - l*k - 2*h + 7 = 0. What is the units digit of k?
1
Let c = -179 + 81. Let k = -60 - c. What is the tens digit of k?
3
Let a(m) = -77*m + 1. Let j be a(-1). Let c = j - -8. Suppose -5*z + c = -34. What is the tens digit of z?
2
Let w(t) = t**2 - 4*t - 9. Let s be w(6). What is the tens digit of (2 + -42 + s + -2)/(-1)?
3
Suppose 0*q + 110 = 2*f - 2*q, 43 = f - 4*q. What is the tens digit of f?
5
Suppose -4*r - 34 - 7 = -5*l, 0 = r + 4. Suppose -p + 60 = -5*v, l*p + 3*v = -0*p + 188. What is the tens digit of p?
4
What is the units digit of 1*(1 - 0) - -788?
9
Suppose 8*t - 48 = 304. Let r = 99 - t. What is the tens digit of r?
5
Let j(k) = -13*k + 11*k + k**2 + 2 + 16*k. Let v be j(-6). What is the units digit of 5/(-10)*(v - -2)?
2
Let b(t) = 3*t**2 + 4*t + 19 - 4*t**2 - 15. Let d be b(4). Suppose -4*y + 76 = 3*k, -d*k + 40 = -4*y - 80. What is the tens digit of k?
2
Let q(j) = j**3 + 17*j**2 - 38*j - 10. Let b be q(-19). Let m(k) = k**2 - 3*k - 13. What is the units digit of m(b)?
7
Suppose 0*i = i - 2725. Suppose -5*w + 0*t + 5*t + i = 0, -1088 = -2*w + t. What is the tens digit of w/18 - (-3)/(-18)?
3
What is the units digit of 2/3*(665 - -1)?
4
What is the hundreds digit of (-2)/7 + 92680/245?
3
Let d = 93 - 90. Suppose d*x = 3, -a - 32 + 196 = 4*x. What is the units di